 Let m(p) = -2*p**3 - 1 + q*p**3 + 5 + p**3 + p + 6*p**2. What is m(6)?
10
Let o be (-2)/(0 - 2/5). Let j(p) = -4*p - 17. Let c(k) be the third derivative of 3*k**4/8 + 43*k**3/6 + 127*k**2. Let f(q) = 2*c(q) + 5*j(q). Give f(o).
-9
Let o(m) = -5*m**3 + m**2 - m - 1. Suppose -206 + 44 = 3*i. Let j = -57 - i. Let u be 1/(j/15 - (-8)/(-10)). Calculate o(u).
6
Suppose -155 = -3*o - 5*u, -2*o - 5*u = -151 + 46. Let h(t) = 84*t - o*t - 42*t. Determine h(-1).
8
Let t = 72 + -67. Suppose 4*w = -5*p - 10, 2*p = t*w - 2*w - 4. Let y(g) = g**2 - 16. Calculate y(w).
-16
Let g(b) be the third derivative of 0 - 3/8*b**4 - 5/6*b**3 + 68*b - 2*b**2 - 1/60*b**5. Let x(v) = v**3 - 9*v**2 + 7*v + 2. Let n be x(8). Calculate g(n).
13
Let p(x) be the first derivative of -x**3/3 + 21*x**2/2 - 21*x + 146. Give p(1).
-1
Let l(c) be the second derivative of -c**5/20 - 5*c**4/12 + 7*c**3/6 + 7*c**2 - 6*c. Let v be l(-6). Let m(r) = 2 - 4 - 1 - 5 + 2*r. Determine m(v).
8
Let m(u) = -u**2 + 14*u + 53. Let s be 244/(-610)*(-170)/4. Calculate m(s).
2
Suppose -9*u = -4*u - 50. Let x(l) = -l**2 + 9 - l - 1 - u - l**2. What is x(3)?
-23
Suppose -q - q - 5*n = 57, -5*q - 5*n = 165. Let v = 40 + q. Let p be v/6 + -2 + (-39)/(-9). Let f(s) = -s**2 + 4*s - 1. Give f(p).
2
Let w(u) = -u**2 + 6*u + 9. Suppose -18 = -5*r - 3. Suppose 152 = r*h - 5*h. Let x = -69 - h. Give w(x).
2
Let b(g) = -g**2 + g. Let n(w) = -2*w. Let d(r) = -b(r) - n(r). Suppose -33*t = -136 + 70. What is d(t)?
6
Let o(z) = z**2 - z + 20. Suppose 5*f - 7*f + 18 = 2*t, f + 3 = t. Suppose 4 = -2*b - 4*p + 12, -3*p = -5*b - t. Give o(b).
20
Let x = 69 - 10. Let h = 171 + -229. Let g = x + h. Let s(k) = 6*k - 1. What is s(g)?
5
Let a be (-24)/(-84) - 72/7. Let q(v) = -5*v**2 + 11*v - 4. Let j(u) = -3*u**2 + 11*u - 4. Let h(x) = -3*j(x) + 2*q(x). Determine h(a).
14
Suppose 19 = 3*z - m, -4*z + z = -5*m - 35. Let b be 50/(-15)*(-6)/z. Let w(n) = n**3 + 2*n + 0*n**3 + 11*n**2 - 5 - 15*n**2. What is w(b)?
3
Let c(p) = 5*p + 7. Let y be 6*(2/(24/(-28)) + 3). Let q(x) = y*x + 2*x + 4*x - x + 15. Let m(r) = -13*c(r) + 6*q(r). Calculate m(1).
-12
Let v(b) be the third derivative of -b**5/60 + 3*b**4/4 - 5*b**3/2 + 620*b**2. Give v(16).
17
Suppose 0 = -5*l + 4*a + 34, -24*a = l - 32*a - 50. Let j(g) = -2*g - 25. Determine j(l).
-29
Let g be 8*(-5)/(-140) + ((-141)/(-21) - 4). Let s(t) be the third derivative of 0 + 1/120*t**6 + 0*t + 2/15*t**5 + 3*t**2 + 7/24*t**4 + t**g. Give s(-7).
6
Suppose 21*z + 5 = 20*z. Let u be z - -10 - (-2 - -2). Let x(l) = -l + 7. Give x(u).
2
Let w(d) = 2*d + 1. Let u(b) = 5*b + 2. Let a(i) = 3*u(i) - 8*w(i). Let o(z) = z**2 - 5*z - 9. Let k be o(8). Suppose -6*p - k = -p. Calculate a(p).
1
Let x(s) = 2*s**2 - 17*s + 18. Let q(f) = 4*f**2 - 35*f + 35. Let n(p) = -6*q(p) + 11*x(p). Let o(c) = c**2 - 1015*c + 21857. Let u be o(22). Give n(u).
-1
Let k = 37 + -42. Let c(l) = l**2 + 10*l + 11. Let p be c(-9). Let u(b) = -4*b**2 - 3*b**2 + 2 + 6*b**p - 8 - 7*b. Give u(k).
4
Let h(q) = q**2 - 5 + 25 - 12 + 9*q. Let p = 37 + -35. Suppose p*z + 16 = -2*o, 2*z - 5*o = -11 + 2. Calculate h(z).
-6
Let s(c) = -11*c**3 + 51*c**2 - 23*c + 15. Let p(r) = -20*r**3 + 94*r**2 - 45*r + 28. Let f(q) = 6*p(q) - 11*s(q). What is f(-6)?
-3
Let p(q) = 5*q + 6 + 44*q**2 - q - 42*q**2 - 3*q**2. Suppose 2*u + 3 = 4*v - 7, 0 = u - v. What is p(u)?
1
Let v be -2*(2 - 2/(16/12)). Let o(b) = -b**3 - 5*b - 6. Give o(v).
0
Let f(t) = -t**2. Let w(p) = -2*p**2 + 3*p. Let z(c) = -c**2 + 3*c. Let q(o) = 6*w(o) - 6*z(o). Let g(m) = 11*f(m) - 2*q(m). Determine g(2).
4
Suppose 15*r - 165 + 106 = 61. Let i(y) = -y**3 + 8*y**2 - y - 5. Determine i(r).
-13
Let k(a) = -13*a + 93. Let m be k(7). Let q be 5*(-6)/(-30)*2/m. Let v(t) = 6*t - 1. Determine v(q).
5
Let q = 1 - -3. Let z(v) = -q + v**2 - 3*v**2 + v**2 + 5*v. Let o be 1 + 4 + 0/(-5) + 0. Determine z(o).
-4
Let k = -317 - -360. Let g(s) = -102*s + 4 + 58*s + k*s. Calculate g(4).
0
Let d(l) = -l + 237 + 0*l - 495 + 264. Suppose -24 = -2*c - 5*o, -3*c = -5*c + o. Calculate d(c).
4
Suppose g = 5*k + 11, 4*g = -3*k - 2*k - 31. Let w(j) = j**3 + 6*j**2 + 3*j - 3. Determine w(g).
17
Let t = -27 + 56. Suppose 456 = -21*x + t*x. Let w = 48 - x. Let m(b) = -b**3 - 10*b**2 - 9*b - 11. Calculate m(w).
-11
Let p(a) = -17*a - 102. Let m(s) = 4*s**3 + 2*s - 6. Let h be m(0). Calculate p(h).
0
Let q(l) = -l**3 + 8*l**2 + 8*l + 20. Let d be q(9). Suppose -44 = -d*h - 0. Let s be 1*-7*h/(-4). Let v(j) = j**3 - 8*j**2 + 8*j. Calculate v(s).
7
Let k(p) = p**3 - 13*p + 6*p**2 + 22*p - 5 - 14*p. Let o(r) = r**3 + 6*r**2 - 6*r - 6. Let u(m) = 2*k(m) - 3*o(m). Calculate u(-7).
1
Let b be 1*(-3 + 6)*1. Suppose 0 = 5*l - 5*p + 40, -4*l - p + b = 10. Let o(t) be the third derivative of t**4/12 + 2*t**3/3 + t**2 - 1407. Calculate o(l).
-2
Let n = -211 - -214. Let j(u) = -359 + 3*u**2 + 2*u**2 + u**n + 6*u + 363. What is j(-4)?
-4
Let k = 14 - -4. Let i(p) = k*p**3 - 1200 + 598 + 603 - p**2 - p. Determine i(1).
17
Let s(n) = 89*n - 3. Let p(u) = 72*u - 2. Let k(t) = -5*p(t) + 4*s(t). Suppose 23*i = 25*i + 6. What is k(i)?
10
Let c(i) = 2011 + 2*i + 2*i**2 - 16*i**2 + 6*i**2 - 2009 + 7*i**2. Suppose -y + 5*p = -14, -y + 0*p = 2*p. Determine c(y).
-6
Let m be ((-27)/15)/((-12)/(-80)). Let b(j) = -j**3 - 10*j**2 + 23*j - 6. Calculate b(m).
6
Let n(x) = 6*x + 4 - 11*x - 13*x - 1 - 2. Suppose 0 = -5*d + 3*h + 10, 0 = -d + h + 4*h + 24. Give n(d).
19
Let q = 7 - 4. Let m(o) = -10*o + 22. Let g be m(2). Let t(h) = 17*h - 3*h**3 - q*h**g - 10*h - 8*h. Determine t(-2).
14
Let m be ((-228)/(-16))/((-2)/(-24)). Let u(a) = -2 - 1 - 78*a + m*a - 87*a - a**2. Let s = -2 - -4. Determine u(s).
5
Let a(j) be the third derivative of -j**7/2520 - j**6/80 - 7*j**5/60 - j**4/8 + 2*j**2 + 28. Let i(l) be the third derivative of a(l). What is i(5)?
-19
Let d(z) = -z + 2. Suppose -5*o - 6 = -46. Suppose -42 - 166 = -o*q. Suppose -2*x + q = 18. Give d(x).
-2
Let b(y) = y**3 - 4*y**2 + 3*y - 3. Suppose -16*g - 11 = -395. Suppose 25*q - 33*q + g = 0. Calculate b(q).
-3
Let o(m) = -2*m**2 + 21*m - 16. Let z be (-10)/3*9*12/(-36). What is o(z)?
-6
Let p(i) = -14*i - 6. Let q(c) = -5*c**2 + 114*c + 27. Let d be q(23). Suppose 5*m + 4*g = -d, -2 + 6 = g. Give p(m).
50
Let r(m) = -211*m + 4446. Let x be r(21). Let u(c) = c**3 - 15*c**2 + 4*c - 21. Give u(x).
39
Let r(y) = y**3 - 5*y**2 - 13*y - 13. Let f be 5*(-2 - 119/(-35)). What is r(f)?
-6
Let j = 83 - 76. Let s be (-801)/8 - (j/(-56))/1. Let v = s - -100. Let n(l) = l - 8. What is n(v)?
-8
Let o(p) = p**3 + 18*p**2 + 2*p + 13. Let n = -2375 - -2357. What is o(n)?
-23
Let s(y) be the first derivative of -y**4/4 + 13*y**3/3 - 13*y**2/2 - 3*y - 1087. Calculate s(12).
-15
Let y be (-16)/3*-1 - 23/(759/44). Let q(o) = -o**3 + 2*o**2 - 8*o + 45. Calculate q(y).
-19
Let g(k) = -k**3 - 15*k**2 - k - 16. Let l(i) be the third derivative of -i**4/24 - 10*i**3/3 + 158*i**2. Let m be l(-5). Calculate g(m).
-1
Suppose -5*c = -3*c + 72. Let a be c/30*10/(-2). Let h(w) = -w**3 + 7*w**2 - 4*w + 2. Calculate h(a).
14
Suppose 41*f + 29 = -12. Let t(r) be the third derivative of r**6/48 - r**5/120 - r**4/8 - 5*r**2. Let q(u) be the second derivative of t(u). Determine q(f).
-16
Let o(w) = w + 7. Let m(i) = 6*i + 34. Let y(q) = -2*m(q) + 11*o(q). Let r = -12749 + 12765. Give y(r).
-7
Let j(z) = -7*z - 5. Let y(n) = 4 + 7*n + 9*n + n - 11*n. Let k(g) = -4*j(g) - 5*y(g). Let s be (2/(-3))/(18/(-27)). What is k(s)?
-2
Let q(r) = 103 + r - 86 + 6*r. Let h be q(-3). Let z(j) = -j**2 - 5*j + 3. Determine z(h).
7
Let o(l) = 8 + 8*l**2 + 2*l + 6*l**2 + 8*l + 17*l**2 - 33*l**2. What is o(5)?
8
Let d(q) = -143*q**2 + 8*q + 71. Let j(g) = -36*g**2 - g. Let i(y) = d(y) - 4*j(y). What is i(-9)?
44
Let n(o) = 2*o - 5*o + 4*o. Let g be (33 + -33)*(-1)/(-3). Suppose -9 = -3*t - w, 5*w - 2*w = g. What is n(t)?
3
Let v(c) = 10*c + 71*c**2 + 5 + 3 - 72*c**2 + 8. Determine v(10).
16
Let x(c) be the second derivative of 0 + 16*c + 4*c**2 + 0*c**3 - 1/8*c**4 - 1/60*c**5. Let p(f) be the first derivative of x(f). Determine p(-3).
0
Suppose r = c + 5, 20 = 2*r + 2*c + 6. Let x(b) = 6*b + 16. What is x(r)?
52
Let p(h) = -238*h - 578. Let g(r) = 357*r + 886. Let i(q) = -9*g(q) - 14*p(q). What is i(-1)?
-1
Let b(c) = c**2 + 